reatest common factor of 6 and 5970.
6
What is the highest common factor of 305 and 70?
5
Calculate the highest common factor of 7460 and 5.
5
What is the highest common factor of 6 and 93?
3
What is the highest common divisor of 290 and 10?
10
What is the highest common factor of 28 and 602?
14
What is the greatest common factor of 350 and 50?
50
Calculate the highest common factor of 364 and 7124.
52
Calculate the greatest common factor of 603 and 9.
9
What is the greatest common divisor of 3392 and 53?
53
What is the greatest common divisor of 21 and 945?
21
What is the highest common divisor of 424 and 159?
53
What is the greatest common divisor of 3626 and 592?
74
Calculate the highest common divisor of 256 and 6016.
128
Calculate the greatest common divisor of 256 and 8.
8
What is the highest common divisor of 1089 and 9?
9
Calculate the greatest common divisor of 69 and 9.
3
Calculate the greatest common factor of 1281 and 399.
21
Calculate the highest common factor of 198 and 22.
22
Calculate the greatest common divisor of 555 and 15.
15
What is the highest common divisor of 540 and 1980?
180
What is the greatest common divisor of 234 and 36?
18
Calculate the greatest common factor of 264 and 11.
11
What is the highest common divisor of 1184 and 9176?
296
What is the greatest common factor of 101 and 202?
101
Calculate the greatest common divisor of 4769 and 57.
19
Calculate the highest common factor of 1666 and 196.
98
Calculate the greatest common factor of 85816 and 136.
136
Calculate the greatest common factor of 835 and 668.
167
What is the greatest common divisor of 48 and 204?
12
What is the greatest common divisor of 1140 and 3?
3
What is the highest common factor of 63 and 9?
9
Calculate the greatest common factor of 2 and 26.
2
What is the highest common divisor of 517 and 198?
11
Calculate the greatest common factor of 1500 and 12.
12
Calculate the highest common divisor of 22019 and 291.
97
What is the highest common factor of 14 and 1288?
14
What is the greatest common factor of 63 and 420?
21
Calculate the highest common factor of 873 and 9.
9
Calculate the greatest common factor of 637 and 13.
13
What is the highest common divisor of 290 and 130?
10
What is the greatest common divisor of 19 and 7277?
19
What is the greatest common factor of 35 and 335?
5
Calculate the highest common divisor of 107 and 963.
107
What is the greatest common divisor of 9 and 279?
9
What is the greatest common divisor of 12 and 12936?
12
Calculate the highest common factor of 162 and 450.
18
Calculate the highest common factor of 390 and 120.
30
What is the greatest common factor of 112 and 48?
16
Calculate the highest common divisor of 208 and 496.
16
Calculate the greatest common divisor of 6 and 2118.
6
Calculate the greatest common divisor of 497 and 923.
71
What is the greatest common factor of 805 and 420?
35
Calculate the greatest common divisor of 12 and 13116.
12
Calculate the greatest common divisor of 879 and 9083.
293
What is the highest common divisor of 39 and 11?
1
Calculate the greatest common divisor of 50 and 230.
10
What is the greatest common divisor of 396 and 2574?
198
What is the greatest common factor of 1577 and 996?
83
What is the greatest common factor of 2167 and 11?
11
What is the highest common factor of 864 and 32?
32
What is the greatest common divisor of 20 and 260?
20
What is the greatest common divisor of 3 and 2235?
3
Calculate the greatest common factor of 15 and 69.
3
Calculate the greatest common divisor of 1081 and 1034.
47
What is the highest common divisor of 154 and 14?
14
What is the highest common factor of 56 and 12?
4
What is the highest common divisor of 132 and 495?
33
Calculate the greatest common factor of 2379 and 244.
61
What is the greatest common divisor of 348 and 12064?
116
Calculate the highest common divisor of 2534 and 112.
14
Calculate the greatest common factor of 561 and 198.
33
Calculate the highest common factor of 56 and 3766.
14
What is the greatest common divisor of 125 and 9500?
125
Calculate the highest common factor of 492 and 26814.
246
What is the greatest common factor of 120 and 90?
30
Calculate the highest common divisor of 92 and 8.
4
What is the greatest common divisor of 52419 and 303?
303
Calculate the greatest common factor of 48 and 25968.
48
What is the highest common factor of 6 and 1548?
6
Calculate the highest common divisor of 123 and 7790.
41
What is the greatest common divisor of 1166 and 88?
22
Calculate the highest common factor of 38 and 76.
38
What is the highest common factor of 8702 and 38?
38
Calculate the greatest common divisor of 195 and 105.
15
Calculate the highest common divisor of 2051 and 14.
7
Calculate the greatest common divisor of 1288 and 112.
56
What is the greatest common divisor of 23 and 28704?
23
What is the greatest common divisor of 552 and 144?
24
Calculate the highest common divisor of 352 and 88.
88
What is the greatest common divisor of 2914 and 94?
94
What is the highest common divisor of 102 and 442?
34
What is the greatest common divisor of 244 and 8?
4
Calculate the highest common divisor of 692 and 20.
4
Calculate the greatest common factor of 7811 and 107.
107
What is the highest common divisor of 253 and 40227?
253
What is the highest common divisor of 459 and 27?
27
Calculate the highest common divisor of 552 and 72.
24
Calculate the greatest common divisor of 21 and 84.
21
Calculate the highest common divisor of 304 and 128.
16
Calculate the highest common factor of 141 and 47.
47
What is the greatest common factor of 33 and 429?
33
What is the greatest common factor of 170 and 12614?
34
Calculate the greatest common divisor of 32 and 1504.
32
Calculate the highest common divisor of 80 and 85.
5
What is the greatest common factor of 483 and 69?
69
Calculate the highest common factor of 484 and 836.
44
What is the highest common divisor of 749 and 3424?
107
Calculate the greatest common factor of 28 and 2324.
28
Calculate the greatest common divisor of 12 and 12.
12
Calculate the highest common factor of 76 and 20.
4
Calculate the greatest common divisor of 310 and 40.
10
Calculate the greatest common factor of 8 and 3512.
8
Calculate the highest common divisor of 1729 and 532.
133
What is the greatest common divisor of 12 and 2184?
12
Calculate the highest common factor of 186 and 124.
62
Calculate the greatest common divisor of 180 and 36.
36
Calculate the highest common divisor of 48 and 672.
48
What is the highest common factor of 31 and 8153?
31
What is the greatest common factor of 4459 and 91?
91
Calculate the highest common factor of 2 and 158.
2
Calculate the greatest common factor of 1057 and 7.
7
Calculate the greatest common factor of 1176 and 108.
12
Calculate the highest common divisor of 32454 and 54.
54
Calculate the greatest common divisor of 60 and 1.
1
What is the highest common factor of 66 and 374?
22
Calculate the highest common factor of 50 and 25.
25
What is the greatest common factor of 336 and 368?
16
What is the highest common factor of 28 and 17948?
28
Calculate the highest common factor of 5 and 55.
5
What is the greatest common factor of 315 and 3360?
105
Calculate the greatest common divisor of 6770 and 10.
10
What is the highest common factor of 196 and 4?
4
What is the highest common divisor of 154 and 1254?
22
Calculate the highest common divisor of 18 and 16.
2
Calculate the greatest common factor of 186 and 62.
62
Calculate the highest common factor of 238 and 170.
34
Calculate the highest common factor of 10 and 115.
5
Calculate the highest common divisor of 72 and 108.
36
What is the greatest common divisor of 52 and 169?
13
What is the highest common factor of 36 and 108?
36
What is the greatest common divisor of 12 and 264?
12
Calculate the highest common factor of 1210 and 220.
110
What is the greatest common divisor of 216 and 1092?
12
What is the greatest common factor of 5 and 360?
5
What is the highest common divisor of 50 and 2700?
50
What is the highest common factor of 41497 and 17?
17
What is the greatest common factor of 54 and 414?
18
Calculate the highest common divisor of 219 and 73.
73
Calculate the highest common factor of 18634 and 616.
154
Calculate the gr